ivided by 17.
14
What is the remainder when 759437 is divided by 154?
63
What is the remainder when 8302861 is divided by 46?
45
What is the remainder when 2022162 is divided by 99?
87
Calculate the remainder when 14472503 is divided by 155.
153
What is the remainder when 2521916 is divided by 356?
12
Calculate the remainder when 181133603 is divided by 1622.
1619
What is the remainder when 64818 is divided by 4983?
39
Calculate the remainder when 118501048 is divided by 25.
23
Calculate the remainder when 726927 is divided by 123.
120
What is the remainder when 28279 is divided by 5381?
1374
What is the remainder when 2901390 is divided by 10144?
206
Calculate the remainder when 445793 is divided by 59.
48
What is the remainder when 8550748 is divided by 3?
1
What is the remainder when 1285690 is divided by 645?
205
What is the remainder when 1399470 is divided by 1125?
1095
What is the remainder when 451260 is divided by 150407?
39
What is the remainder when 1012158 is divided by 220?
158
What is the remainder when 620089 is divided by 792?
745
Calculate the remainder when 1802293 is divided by 2243.
1164
Calculate the remainder when 425929 is divided by 6530.
1479
What is the remainder when 769546 is divided by 5742?
118
What is the remainder when 161707 is divided by 9429?
1414
Calculate the remainder when 79067 is divided by 19726.
163
Calculate the remainder when 20029394 is divided by 572268.
14
Calculate the remainder when 1926189 is divided by 1333.
4
What is the remainder when 1571045557 is divided by 20?
17
Calculate the remainder when 70304 is divided by 6458.
5724
What is the remainder when 1560252 is divided by 520081?
9
Calculate the remainder when 7653201 is divided by 97.
95
Calculate the remainder when 9637948 is divided by 5.
3
Calculate the remainder when 16767 is divided by 981.
90
What is the remainder when 368311787 is divided by 52?
51
Calculate the remainder when 42622656 is divided by 41869.
14
Calculate the remainder when 47516992 is divided by 341.
6
Calculate the remainder when 43973467 is divided by 14657798.
73
Calculate the remainder when 2189441 is divided by 835.
71
Calculate the remainder when 1025547 is divided by 774.
771
What is the remainder when 67060727 is divided by 172?
163
Calculate the remainder when 986293 is divided by 493082.
129
Calculate the remainder when 54677 is divided by 41.
24
Calculate the remainder when 6809300 is divided by 63638.
34
Calculate the remainder when 468118 is divided by 58514.
6
Calculate the remainder when 1714679 is divided by 428663.
27
Calculate the remainder when 11066 is divided by 10865.
201
Calculate the remainder when 27498 is divided by 6651.
894
What is the remainder when 26267085 is divided by 30?
15
What is the remainder when 1980069 is divided by 1553?
1547
Calculate the remainder when 8169649 is divided by 8169594.
55
What is the remainder when 2087069 is divided by 2467?
2454
What is the remainder when 86508909 is divided by 392?
389
Calculate the remainder when 271672 is divided by 681.
634
Calculate the remainder when 6381419 is divided by 81813.
5
What is the remainder when 327125 is divided by 131?
18
What is the remainder when 913726 is divided by 304483?
277
What is the remainder when 19668838 is divided by 145695?
13
Calculate the remainder when 38129 is divided by 18946.
237
What is the remainder when 4332021 is divided by 1083000?
21
What is the remainder when 38632 is divided by 12725?
457
What is the remainder when 10899111 is divided by 82?
81
Calculate the remainder when 69655351 is divided by 172.
167
What is the remainder when 1275501 is divided by 313?
26
What is the remainder when 170802 is divided by 158?
4
Calculate the remainder when 40014424 is divided by 241.
230
Calculate the remainder when 30505450 is divided by 815.
0
What is the remainder when 57475230 is divided by 1236?
1230
What is the remainder when 687189 is divided by 19086?
93
What is the remainder when 2793900 is divided by 246?
78
Calculate the remainder when 69927272 is divided by 2.
0
Calculate the remainder when 1966104 is divided by 24576.
24
What is the remainder when 10649522 is divided by 131?
8
Calculate the remainder when 360742433 is divided by 72148484.
13
What is the remainder when 2018304 is divided by 7475?
54
Calculate the remainder when 4251048 is divided by 22.
10
Calculate the remainder when 242713 is divided by 1019.
191
Calculate the remainder when 11253944 is divided by 89.
72
What is the remainder when 309196 is divided by 102892?
520
What is the remainder when 6666931 is divided by 19213?
20
Calculate the remainder when 65863980 is divided by 315.
0
What is the remainder when 81641311 is divided by 181?
175
Calculate the remainder when 3202296 is divided by 620.
616
What is the remainder when 62855496 is divided by 86?
74
Calculate the remainder when 7002091 is divided by 98.
89
Calculate the remainder when 165353 is divided by 217.
216
What is the remainder when 425370 is divided by 2750?
1870
What is the remainder when 582618 is divided by 563?
476
What is the remainder when 108126170 is divided by 1341?
1340
What is the remainder when 16794663 is divided by 8?
7
Calculate the remainder when 284129 is divided by 980.
909
Calculate the remainder when 49189780 is divided by 39.
16
Calculate the remainder when 548946 is divided by 124.
122
What is the remainder when 1241365 is divided by 62058?
205
What is the remainder when 435019751 is divided by 3710?
3701
Calculate the remainder when 861527506 is divided by 23.
15
What is the remainder when 63655260 is divided by 213?
210
What is the remainder when 15675544 is divided by 40?
24
What is the remainder when 663224 is divided by 258?
164
What is the remainder when 220123 is divided by 109658?
807
What is the remainder when 487122 is divided by 1839?
1626
What is the remainder when 1696731 is divided by 1538?
317
What is the remainder when 547850 is divided by 6297?
11
Calculate the remainder when 7933475 is divided by 11948.
3
What is the remainder when 53358831 is divided by 13339703?
19
What is the remainder when 1715288 is divided by 899?
895
Calculate the remainder when 157067517 is divided by 10.
7
What is the remainder when 26702880 is divided by 171?
33
What is the remainder when 3144857 is divided by 136731?
44
Calculate the remainder when 18571 is divided by 18227.
344
What is the remainder when 19418221 is divided by 4854552?
13
What is the remainder when 94700 is divided by 31462?
314
Calculate the remainder when 660207 is divided by 660161.
46
What is the remainder when 1006412 is divided by 123?
26
What is the remainder when 544360 is divided by 543964?
396
What is the remainder when 43262 is divided by 2723?
2417
What is the remainder when 881320 is divided by 3070?
230
Calculate the remainder when 3054957 is divided by 39.
9
What is the remainder when 270239 is divided by 10007?
50
Calculate the remainder when 86607636 is divided by 5094566.
14
Calculate the remainder when 57086 is divided by 313.
120
Calculate the remainder when 3353007 is divided by 101.
9
Calculate the remainder when 700230 is divided by 100.
30
Calculate the remainder when 2602563 is divided by 14.
5
Calculate the remainder when 429545 is divided by 61299.
452
What is the remainder when 4917 is divided by 4620?
297
Calculate the remainder when 88991679 is divided by 388.
387
What is the remainder when 6158218 is divided by 1231621?
113
Calculate the remainder when 64446341 is divided by 89.
17
Calculate the remainder when 3539232 is divided by 1769606.
20
Calculate the remainder when 228375 is divided by 57.
33
What is the remainder when 109605 is divided by 1989?
210
What is the remainder when 3343966 is divided by 33776?
142
What is the remainder when 3206694 is divided by 413?
162
Calculate the remainder when 72249 is divided by 3795.
144
Calculate the remainder when 12762088 is divided by 4297.
4295
What is the remainder when 1553992 is divided by 1036?
1028
Calculate the remainder when 95230 is divided by 31667.
229
What is the remainder when 36539421 is divided by 2592?
2589
Calculate the remainder when 57100 is divided by 1502.
24
What is the remainder when 51534552 is divided by 55?
47
What is the remai